{"id":4904,"date":"2024-02-03T20:02:48","date_gmt":"2024-02-03T19:02:48","guid":{"rendered":"https:\/\/beta.jindrichsmitka.cz\/?page_id=4904"},"modified":"2024-02-03T20:02:48","modified_gmt":"2024-02-03T19:02:48","slug":"o-mne","status":"publish","type":"page","link":"https:\/\/www.jindrichsmitka.cz\/index.php\/o-mne\/","title":{"rendered":"O mn\u011b"},"content":{"rendered":"\n<p>Jsem cestovatel, publicista, podnikatel a svobodn\u00fd \u010dlov\u011bk t\u011blem i du\u0161\u00ed.<\/p>\n\n\n\n<p>\u017dil jsem na Nov\u00e9m Z\u00e9landu a ve Velk\u00e9 Brit\u00e1nii. Procestoval jsem k tomu s batohem na z\u00e1dech po\u0159\u00e1dn\u00fd kus sv\u011bta.<\/p>\n\n\n\n<p>Nyn\u00ed se v\u011bnuji digit\u00e1ln\u00edm projekt\u016fm, digit\u00e1ln\u00edm produkt\u016fm, automatizaci, nastavov\u00e1n\u00ed proces\u016f a tvorb\u011b obsahu. V\u00edce o slu\u017eb\u00e1ch, kter\u00e9 nab\u00edz\u00edm naleznete v z\u00e1lo\u017ece <a href=\"https:\/\/www.jindrichsmitka.cz\/sluzby\/\"><strong>slu\u017eby<\/strong> (zde)<\/a>.<\/p>\n\n\n\n<p>V\u00edce o m\u00e9m pracovn\u00edm profilu naleznete na <a href=\"https:\/\/www.linkedin.com\/in\/jind%C5%99ich-sm%C3%ADtka-43139914\/\">LinkedInu (zde)<\/a>.<\/p>\n","protected":false},"excerpt":{"rendered":"<p>Jsem cestovatel, publicista, podnikatel a svobodn\u00fd \u010dlov\u011bk t\u011blem i du\u0161\u00ed. \u017dil jsem na Nov\u00e9m Z\u00e9landu a ve Velk\u00e9 Brit\u00e1nii. Procestoval jsem k tomu s batohem na z\u00e1dech po\u0159\u00e1dn\u00fd kus sv\u011bta. Nyn\u00ed se v\u011bnuji digit\u00e1ln\u00edm projekt\u016fm, digit\u00e1ln\u00edm produkt\u016fm, automatizaci, nastavov\u00e1n\u00ed proces\u016f a tvorb\u011b obsahu. V\u00edce o slu\u017eb\u00e1ch, kter\u00e9 nab\u00edz\u00edm naleznete v z\u00e1lo\u017ece slu\u017eby (zde). V\u00edce o [&hellip;]<\/p>\n","protected":false},"author":2,"featured_media":0,"parent":0,"menu_order":0,"comment_status":"closed","ping_status":"closed","template":"","meta":{"footnotes":""},"class_list":["post-4904","page","type-page","status-publish","hentry"],"aioseo_notices":[],"jetpack_sharing_enabled":true,"_links":{"self":[{"href":"https:\/\/www.jindrichsmitka.cz\/index.php\/wp-json\/wp\/v2\/pages\/4904","targetHints":{"allow":["GET"]}}],"collection":[{"href":"https:\/\/www.jindrichsmitka.cz\/index.php\/wp-json\/wp\/v2\/pages"}],"about":[{"href":"https:\/\/www.jindrichsmitka.cz\/index.php\/wp-json\/wp\/v2\/types\/page"}],"author":[{"embeddable":true,"href":"https:\/\/www.jindrichsmitka.cz\/index.php\/wp-json\/wp\/v2\/users\/2"}],"replies":[{"embeddable":true,"href":"https:\/\/www.jindrichsmitka.cz\/index.php\/wp-json\/wp\/v2\/comments?post=4904"}],"version-history":[{"count":1,"href":"https:\/\/www.jindrichsmitka.cz\/index.php\/wp-json\/wp\/v2\/pages\/4904\/revisions"}],"predecessor-version":[{"id":4905,"href":"https:\/\/www.jindrichsmitka.cz\/index.php\/wp-json\/wp\/v2\/pages\/4904\/revisions\/4905"}],"wp:attachment":[{"href":"https:\/\/www.jindrichsmitka.cz\/index.php\/wp-json\/wp\/v2\/media?parent=4904"}],"curies":[{"name":"wp","href":"https:\/\/api.w.org\/{rel}","templated":true}]}}